{"id":64,"date":"2025-05-29T15:53:56","date_gmt":"2025-05-29T15:53:56","guid":{"rendered":"https:\/\/chirurgiens-afrique.org\/?page_id=64"},"modified":"2025-05-29T15:55:10","modified_gmt":"2025-05-29T15:55:10","slug":"objectifs-et-missions","status":"publish","type":"page","link":"https:\/\/chirurgiens-afrique.org\/?page_id=64","title":{"rendered":"Objectifs et Missions"},"content":{"rendered":"<ul>\n<li><u>Nos Objectifs<\/u>:<\/li>\n<\/ul>\n<ol>\n<li>mettre en \u0153uvre et de promouvoir la formation et la recherche dans le domaine de la chirurgie ;<\/li>\n<li>contribuer \u00e0 la formation continue de ses membres par l\u2019organisation de manifestations scientifiques (congr\u00e8s, colloques, journ\u00e9es, symposia etc.);<\/li>\n<li>contribuer \u00e0 l\u2019am\u00e9lioration des conditions d\u2019exercice de la chirurgie en Afrique Francophone ;<\/li>\n<li>cr\u00e9er et animer un organe de publication ;<\/li>\n<li>favoriser les \u00e9changes entre les chirurgiens africains francophones de toutes sp\u00e9cialit\u00e9s;<\/li>\n<li>\u00e9tablir des liens de coordination et des outils de coop\u00e9ration entre les chirurgiens d\u2019Afrique francophone et d\u2019autres chirurgiens d&rsquo;Afrique et du monde.<\/li>\n<\/ol>\n<p>&nbsp;<\/p>\n<ul>\n<li><u>Nos Missions<\/u>:<\/li>\n<\/ul>\n<p>L\u2019ACAF a pour mission la promotion durable de la sp\u00e9cialit\u00e9 chirurgicale dans l\u2019espace africain francophone \u00e0 travers\u00a0:<\/p>\n<ul>\n<li>des s\u00e9minaires de formation par ses entit\u00e9s locales et r\u00e9gionales\u00a0;<\/li>\n<li>des congr\u00e8s annuels<\/li>\n<li>la recherche en science chirurgicale<\/li>\n<li>des groupes de r\u00e9flexions en vue de l\u2019\u00e9laboration de recommandations en mati\u00e8re de pratiques chirurgicales adapt\u00e9es et par sp\u00e9cialit\u00e9\u00a0;<\/li>\n<li>des groupes de r\u00e9flexions pour l\u2019harmonisation des curricula de formation en chirurgie<\/li>\n<li>des \u00e9changes de chirurgiens apprenants<\/li>\n<li>son positionnement en tant qu\u2019entit\u00e9 experte en mati\u00e8re de chirurgie en Afrique.<\/li>\n<\/ul>\n","protected":false},"excerpt":{"rendered":"<p>Nos Objectifs: mettre en \u0153uvre et de promouvoir la formation et la recherche dans le domaine de la chirurgie ; contribuer \u00e0 la formation continue de ses membres par l\u2019organisation de manifestations scientifiques (congr\u00e8s, colloques, journ\u00e9es, symposia etc.); contribuer \u00e0 l\u2019am\u00e9lioration des conditions d\u2019exercice de la chirurgie en Afrique Francophone ; cr\u00e9er et animer un [&hellip;]<\/p>\n","protected":false},"author":2,"featured_media":0,"parent":2,"menu_order":0,"comment_status":"closed","ping_status":"closed","template":"","meta":{"give_campaign_id":0,"tpgb_global_settings":"","footnotes":""},"class_list":["post-64","page","type-page","status-publish","hentry"],"campaignId":"","tpgb_featured_images":null,"tpgb_post_meta_info":{"get_date":"29 mai 2025","get_modified_date":"29 mai 2025","author_name":"Jeremie OUEDRAOGO","author_url":"https:\/\/chirurgiens-afrique.org\/?author=2","author_email":"ouedjerem@gmail.com","author_website":"","author_description":"","author_facebook":"","author_twitter":"","author_instagram":"","author_role":["administrator"],"author_firstname":"Jeremie","author_lastname":"OUEDRAOGO","user_login":"jeremie","author_avatar":"<img alt='' src='https:\/\/secure.gravatar.com\/avatar\/ad23eb6da50b7963c192c0d0d2101af8c163fbe4aa3c294a2b841aadb9be21a9?s=200&#038;d=mm&#038;r=g' srcset='https:\/\/secure.gravatar.com\/avatar\/ad23eb6da50b7963c192c0d0d2101af8c163fbe4aa3c294a2b841aadb9be21a9?s=400&#038;d=mm&#038;r=g 2x' class='img-fluid comment-img avatar-200 photo' height='200' width='200' decoding='async'\/>","author_avatar_url":"https:\/\/secure.gravatar.com\/avatar\/ad23eb6da50b7963c192c0d0d2101af8c163fbe4aa3c294a2b841aadb9be21a9?s=96&d=mm&r=g","comment_count":0,"post_likes":0,"post_views":0},"tpgb_post_category":[],"_links":{"self":[{"href":"https:\/\/chirurgiens-afrique.org\/index.php?rest_route=\/wp\/v2\/pages\/64","targetHints":{"allow":["GET"]}}],"collection":[{"href":"https:\/\/chirurgiens-afrique.org\/index.php?rest_route=\/wp\/v2\/pages"}],"about":[{"href":"https:\/\/chirurgiens-afrique.org\/index.php?rest_route=\/wp\/v2\/types\/page"}],"author":[{"embeddable":true,"href":"https:\/\/chirurgiens-afrique.org\/index.php?rest_route=\/wp\/v2\/users\/2"}],"replies":[{"embeddable":true,"href":"https:\/\/chirurgiens-afrique.org\/index.php?rest_route=%2Fwp%2Fv2%2Fcomments&post=64"}],"version-history":[{"count":2,"href":"https:\/\/chirurgiens-afrique.org\/index.php?rest_route=\/wp\/v2\/pages\/64\/revisions"}],"predecessor-version":[{"id":67,"href":"https:\/\/chirurgiens-afrique.org\/index.php?rest_route=\/wp\/v2\/pages\/64\/revisions\/67"}],"up":[{"embeddable":true,"href":"https:\/\/chirurgiens-afrique.org\/index.php?rest_route=\/wp\/v2\/pages\/2"}],"wp:attachment":[{"href":"https:\/\/chirurgiens-afrique.org\/index.php?rest_route=%2Fwp%2Fv2%2Fmedia&parent=64"}],"curies":[{"name":"wp","href":"https:\/\/api.w.org\/{rel}","templated":true}]}}