{"id":2,"date":"2025-05-21T17:33:34","date_gmt":"2025-05-21T15:33:34","guid":{"rendered":"http:\/\/chirurgiens-afrique.org\/?page_id=2"},"modified":"2025-06-15T09:15:06","modified_gmt":"2025-06-15T09:15:06","slug":"page-d-exemple","status":"publish","type":"page","link":"https:\/\/chirurgiens-afrique.org\/?page_id=2","title":{"rendered":"Mot du Pr\u00e9sident"},"content":{"rendered":"\r\n<p>Chers membres, chers internautes,<\/p>\r\n<p style=\"text-align: justify;\">Nous sommes ravis de vous accueillir sur notre plateforme d\u00e9di\u00e9e aux chirurgiens et professionnels de sant\u00e9 de l\u2019espace francophone africain. Ce site a \u00e9t\u00e9 con\u00e7u pour favoriser les \u00e9changes, le partage de connaissances et le d\u00e9veloppement des comp\u00e9tences en chirurgie, au service de nos patients et de l\u2019excellence m\u00e9dicale. Vous y trouverez des ressources scientifiques, des actualit\u00e9s sur nos activit\u00e9s, des opportunit\u00e9s de formation, ainsi qu\u2019un espace d\u2019\u00e9changes entre confr\u00e8res et cons\u0153urs. Ensemble, faisons avancer la chirurgie en Afrique francophone ! N\u2019h\u00e9sitez pas \u00e0 explorer le site et \u00e0 contribuer \u00e0 notre communaut\u00e9.<\/p>\r\n<p style=\"text-align: justify;\">Bienvenue sur le site de l\u2019Association de Chirurgie d\u2019Afrique Francophone et bonne navigation!<\/p>\r\n\r\n<div id=\"attachment_100\" style=\"width: 132px\" class=\"wp-caption aligncenter\"><img decoding=\"async\" aria-describedby=\"caption-attachment-100\" class=\" wp-image-100\" src=\"https:\/\/chirurgiens-afrique.org\/wp-content\/uploads\/2025\/06\/1-231x300.png\" alt=\"\" width=\"122\" height=\"158\" srcset=\"https:\/\/chirurgiens-afrique.org\/wp-content\/uploads\/2025\/06\/1-231x300.png 231w, https:\/\/chirurgiens-afrique.org\/wp-content\/uploads\/2025\/06\/1-787x1024.png 787w, https:\/\/chirurgiens-afrique.org\/wp-content\/uploads\/2025\/06\/1-768x999.png 768w, https:\/\/chirurgiens-afrique.org\/wp-content\/uploads\/2025\/06\/1.png 792w\" sizes=\"(max-width: 122px) 100vw, 122px\" \/><p id=\"caption-attachment-100\" class=\"wp-caption-text\">Pr Adama SANOU<\/p><\/div>","protected":false},"excerpt":{"rendered":"<p>Chers membres, chers internautes, Nous sommes ravis de vous accueillir sur notre plateforme d\u00e9di\u00e9e aux chirurgiens et professionnels de sant\u00e9 de l\u2019espace francophone africain. Ce site a \u00e9t\u00e9 con\u00e7u pour favoriser les \u00e9changes, le partage de connaissances et le d\u00e9veloppement des comp\u00e9tences en chirurgie, au service de nos patients et de l\u2019excellence m\u00e9dicale. Vous y [&hellip;]<\/p>\n","protected":false},"author":1,"featured_media":0,"parent":0,"menu_order":0,"comment_status":"closed","ping_status":"closed","template":"elementor_theme","meta":{"give_campaign_id":0,"tpgb_global_settings":"","footnotes":""},"class_list":["post-2","page","type-page","status-publish","hentry"],"campaignId":"","tpgb_featured_images":null,"tpgb_post_meta_info":{"get_date":"21 mai 2025","get_modified_date":"15 juin 2025","author_name":"admin7285","author_url":"https:\/\/chirurgiens-afrique.org\/?author=1","author_email":"jjstaro@gmail.com","author_website":"http:\/\/chirurgiens-afrique.org","author_description":"","author_facebook":"","author_twitter":"","author_instagram":"","author_role":["administrator"],"author_firstname":"","author_lastname":"","user_login":"admin7285","author_avatar":"<img alt='' src='https:\/\/secure.gravatar.com\/avatar\/afc49d68f7aa1cb5b45578c48d323d152966f1ec0bef23a2212e27db4e93574d?s=200&#038;d=mm&#038;r=g' srcset='https:\/\/secure.gravatar.com\/avatar\/afc49d68f7aa1cb5b45578c48d323d152966f1ec0bef23a2212e27db4e93574d?s=400&#038;d=mm&#038;r=g 2x' class='img-fluid comment-img avatar-200 photo' height='200' width='200' decoding='async'\/>","author_avatar_url":"https:\/\/secure.gravatar.com\/avatar\/afc49d68f7aa1cb5b45578c48d323d152966f1ec0bef23a2212e27db4e93574d?s=96&d=mm&r=g","comment_count":0,"post_likes":0,"post_views":0},"tpgb_post_category":[],"_links":{"self":[{"href":"https:\/\/chirurgiens-afrique.org\/index.php?rest_route=\/wp\/v2\/pages\/2","targetHints":{"allow":["GET"]}}],"collection":[{"href":"https:\/\/chirurgiens-afrique.org\/index.php?rest_route=\/wp\/v2\/pages"}],"about":[{"href":"https:\/\/chirurgiens-afrique.org\/index.php?rest_route=\/wp\/v2\/types\/page"}],"author":[{"embeddable":true,"href":"https:\/\/chirurgiens-afrique.org\/index.php?rest_route=\/wp\/v2\/users\/1"}],"replies":[{"embeddable":true,"href":"https:\/\/chirurgiens-afrique.org\/index.php?rest_route=%2Fwp%2Fv2%2Fcomments&post=2"}],"version-history":[{"count":11,"href":"https:\/\/chirurgiens-afrique.org\/index.php?rest_route=\/wp\/v2\/pages\/2\/revisions"}],"predecessor-version":[{"id":58,"href":"https:\/\/chirurgiens-afrique.org\/index.php?rest_route=\/wp\/v2\/pages\/2\/revisions\/58"}],"wp:attachment":[{"href":"https:\/\/chirurgiens-afrique.org\/index.php?rest_route=%2Fwp%2Fv2%2Fmedia&parent=2"}],"curies":[{"name":"wp","href":"https:\/\/api.w.org\/{rel}","templated":true}]}}